{"id":130,"date":"2021-03-18T22:46:20","date_gmt":"2021-03-18T21:46:20","guid":{"rendered":"https:\/\/heimatring-lorup.de\/wordpress\/?page_id=130"},"modified":"2021-03-23T14:28:16","modified_gmt":"2021-03-23T13:28:16","slug":"volkstanzgruppe","status":"publish","type":"page","link":"https:\/\/heimatring-lorup.de\/wordpress\/volkstanzgruppe\/","title":{"rendered":"Volkstanzgruppe"},"content":{"rendered":"\n<div class=\"wp-block-buttons has-small-font-size is-layout-flex wp-block-buttons-is-layout-flex\">\n<div class=\"wp-block-button\"><a class=\"wp-block-button__link has-black-color has-text-color has-background\" href=\"https:\/\/heimatring-lorup.de\/wordpress\/beldertunscheere\/\" style=\"background-color:#a8fbdd\">Beldertunscheere<\/a><\/div>\n\n\n\n<div class=\"wp-block-button\"><a class=\"wp-block-button__link has-black-color has-text-color has-background\" href=\"https:\/\/heimatring-lorup.de\/wordpress\/familienforschung\/\" style=\"background-color:#d9f6eb\">Familienforschung<\/a><\/div>\n\n\n\n<div class=\"wp-block-button\"><a class=\"wp-block-button__link has-black-color has-text-color has-background\" href=\"https:\/\/heimatring-lorup.de\/wordpress\/fotos\/\" style=\"background-color:#a8fbdd\">Fotos<\/a><\/div>\n\n\n\n<div class=\"wp-block-button\"><a class=\"wp-block-button__link has-black-color has-text-color has-background\" href=\"https:\/\/heimatring-lorup.de\/wordpress\/oldtimer\/\" style=\"background-color:#d9f6eb\">Oldtimer<\/a><\/div>\n\n\n\n<div class=\"wp-block-button\"><a class=\"wp-block-button__link has-black-color has-text-color has-background\" href=\"https:\/\/heimatring-lorup.de\/wordpress\/plattdeutsch\/\" style=\"background-color:#a8fbdd\">Plattdeutsch<\/a><\/div>\n\n\n\n<div class=\"wp-block-button\"><a class=\"wp-block-button__link has-vivid-green-cyan-background-color has-background\" href=\"https:\/\/heimatring-lorup.de\/wordpress\/volkstanzgruppe\/\">Volkstanzgruppe<\/a><\/div>\n\n\n\n<div class=\"wp-block-button\"><a class=\"wp-block-button__link has-black-color has-text-color has-background\" href=\"https:\/\/heimatring-lorup.de\/wordpress\/akr-drechslerei\/\" style=\"background-color:#a8fbdd\">Drechslerei<\/a><\/div>\n\n\n\n<div class=\"wp-block-button\"><a class=\"wp-block-button__link has-black-color has-text-color has-background\" href=\"https:\/\/heimatring-lorup.de\/wordpress\/unsere-buecherei\/\" style=\"background-color:#d9f6eb\">Unsere B\u00fccherei<\/a><\/div>\n<\/div>\n\n\n\n<p class=\"has-medium-font-size\"><strong>Volkstanzgruppe feierte 2005 25-j\u00e4hriges Bestehen<\/strong><\/p>\n\n\n\n<p>Unter der Leitung von Anne Meinerling<\/p>\n\n\n\n<p class=\"has-small-font-size\">Im September 2005 feiert die Volkstanzgruppe Lorup ihr 25-j\u00e4hriges Bestehen zusammen  mit dem Heimatring, der sein 50-j\u00e4hriges Bestehen feiert.<\/p>\n\n\n\n<p class=\"has-small-font-size\">Am 17. Juni 1980 trafen sich erstmals 14 Frauen aus der Katholischen Frauengemeinschaft, um miteinander Volkst\u00e4nze kennen zu lernen. Anregung zu diesem Treffen gaben Paula Olliges, \u201eFineer Paula\u201c genannt, erste Ratsfrau der Gemeinde und angesehene Gastronomin, zusammen mit Gerda P\u00f6lking, die als erste Leiterin lange Jahre mit der Gruppe T\u00e4nze einge\u00fcbt und Auftritte organisiert hat.<\/p>\n\n\n\n<p class=\"has-small-font-size\">Bald wurde die erste Tracht angeschafft, an die sich sicher noch viele B\u00fcrger erinnern. Lange schwarze R\u00f6cke, wei\u00dfe Blusen und ein breites rotes Schultertuch trugen die Damen bei ihren ersten Auftritten.<\/p>\n\n\n\n<div class=\"wp-block-media-text alignwide is-stacked-on-mobile is-vertically-aligned-top\"><figure class=\"wp-block-media-text__media\"><img loading=\"lazy\" decoding=\"async\" width=\"363\" height=\"250\" src=\"https:\/\/heimatring-lorup.de\/wordpress\/wp-content\/uploads\/2021\/03\/volkstanzgruppe1.jpg\" alt=\"\" class=\"wp-image-448 size-full\" srcset=\"https:\/\/heimatring-lorup.de\/wordpress\/wp-content\/uploads\/2021\/03\/volkstanzgruppe1.jpg 363w, https:\/\/heimatring-lorup.de\/wordpress\/wp-content\/uploads\/2021\/03\/volkstanzgruppe1-300x207.jpg 300w\" sizes=\"auto, (max-width: 363px) 100vw, 363px\" \/><\/figure><div class=\"wp-block-media-text__content\">\n<p><strong>(Tanzgruppe in Krulls Hus in ihren ersten Trachten)<\/strong><\/p>\n\n\n\n<p class=\"has-small-font-size\">Erstmals pr\u00e4sentierte sich die junge Volkstanzgruppe bei einem Grillabend der Frauengemeinschaft auf der Tichelpl\u00e4cke der \u00d6ffentlichkeit. Nach nur ca. sechsw\u00f6chigem intensivem \u00dcben unter der Leitung von Frau P\u00f6lking bot die Gruppe vor zahlreichen begeisterten Zuschauern einen sch\u00f6nen Volkstanz. Musikalisch begleitet wurde die Gruppe auf dem Akkordeon von dem Loruper Hermann Pohlabeln.<\/p>\n\n\n\n<p class=\"has-small-font-size\">Weitere Auftritte erfolgten bei Heimatabenden, bei der Kirmes und beim Weihnachtsmarkt, bei Veranstaltungen der Schule, der Pfarrgemeinde und des Heimatringes. Bald lie\u00dfen auch Einladungen zu Veranstaltungen in den Nachbard\u00f6rfern und bei Volkstanztreffen in der Region nicht auf sich warten.<\/p>\n<\/div><\/div>\n\n\n\n<div class=\"wp-block-media-text alignwide has-media-on-the-right is-stacked-on-mobile is-vertically-aligned-top\"><figure class=\"wp-block-media-text__media\"><img loading=\"lazy\" decoding=\"async\" width=\"311\" height=\"250\" src=\"https:\/\/heimatring-lorup.de\/wordpress\/wp-content\/uploads\/2021\/03\/volkstanzgruppe2.jpg\" alt=\"\" class=\"wp-image-449 size-full\" srcset=\"https:\/\/heimatring-lorup.de\/wordpress\/wp-content\/uploads\/2021\/03\/volkstanzgruppe2.jpg 311w, https:\/\/heimatring-lorup.de\/wordpress\/wp-content\/uploads\/2021\/03\/volkstanzgruppe2-300x241.jpg 300w\" sizes=\"auto, (max-width: 311px) 100vw, 311px\" \/><\/figure><div class=\"wp-block-media-text__content\">\n<p><strong>Internationalen Volkstanztreffen 1995 in Dargun\/Mecklenburg<\/strong><\/p>\n\n\n\n<p class=\"has-small-font-size\">Im Jahr 1998 trat die Volkstanzgruppe dem Heimatring als eingetragenem Verein bei. Mit Unterst\u00fctzung durch den Heimatring und dem Emsl\u00e4ndischen Heimatbund konnten die Damen 1998 mit neuen Trachten ausgestattet werden. Diese neuen Trachten wurden erstmals im Juni `98 am \u201eTag der Niedersachsen\u201c in Meppen vorgestellt. In Anlehnung an alte Bauerntrachten wurden die T\u00e4nzerinnen mit wei\u00dfen Blusen, blaugemusterten R\u00f6cken, roten Sch\u00fcrzen und blauem Dreieckstuch ausgestattet, sowie die \u201eT\u00e4nzer\u201c mit ebenfalls wei\u00dfen Blusen, jedoch mit Kniebundhosen und Westen aus dunkelblauem Feincord.<\/p>\n<\/div><\/div>\n\n\n\n<div class=\"wp-block-media-text alignwide is-stacked-on-mobile is-vertically-aligned-top\"><figure class=\"wp-block-media-text__media\"><img loading=\"lazy\" decoding=\"async\" width=\"363\" height=\"250\" src=\"https:\/\/heimatring-lorup.de\/wordpress\/wp-content\/uploads\/2021\/03\/volkstanzgruppe3.jpg\" alt=\"\" class=\"wp-image-450 size-full\" srcset=\"https:\/\/heimatring-lorup.de\/wordpress\/wp-content\/uploads\/2021\/03\/volkstanzgruppe3.jpg 363w, https:\/\/heimatring-lorup.de\/wordpress\/wp-content\/uploads\/2021\/03\/volkstanzgruppe3-300x207.jpg 300w\" sizes=\"auto, (max-width: 363px) 100vw, 363px\" \/><\/figure><div class=\"wp-block-media-text__content\">\n<p><strong>Tanzgruppe vor Krulls Hus in ihren neuen Trachten)<\/strong><\/p>\n\n\n\n<p class=\"has-small-font-size\">Als Krulls Hus als d\u00f6rfliches Kulturzentrum eingerichtet wurde, verlegten auch die Damen ihre \u00dcbungsabende von der Berufsschule auf die \u201eDiele\u201c bzw. sp\u00e4ter in den \u201eThekenraum\u201c des alten Bauernhofes.<\/p>\n\n\n\n<p class=\"has-small-font-size\">Am 02. Juli 2000, einem sonnigen Sonntag, feierte die Volkstanzgruppe ihr 20-j\u00e4hriges Bestehen. Die Volkstanzgruppen aus Breddenberg, Esterwegen, Spahnharrenst\u00e4tte, Rastdorf, Werlte, S\u00f6gel, Cappeln-Emsteck, Renkenberge und B\u00f6rger sorgten durch ihre Teilnahme f\u00fcr ein buntes Bild. Durch das Programm f\u00fchrte Rektor Bernd Gebkenjans von der Grund- und Hauptschule Lorup. \u201eAobeln Lux\u201c spielte auf dem Akkordeon. Neben Kaffee und Kuchen wurden Eis und Getr\u00e4nke angeboten. Alle Ehemaligen wurden mit einer Rose geehrt und ganz besonders freute man sich \u00fcber drei Mitglieder, die seit der Gr\u00fcndung der Tanzgruppe noch immer aktiv dabei sind.<\/p>\n<\/div><\/div>\n\n\n\n<p class=\"has-small-font-size\">Jeden Mittwochabend treffen sich die Frauen in Krulls Hus. Volkstanzlehrg\u00e4nge, die oftmals im Herbst stattfinden, sorgen f\u00fcr neue Anregungen. Zu besonderen Anl\u00e4ssen wird auch schon mal ein Tanz selbst \u201ekreiert\u201c. Mit entsprechender Schlagermusik kommt auch die moderne Tanzweise beim Publikum sehr gut an.<\/p>\n\n\n\n<p class=\"has-small-font-size\"><strong>Zur Zeit besteht die Volkstanzgruppe aus folgenden Mitgliedern:<\/strong><\/p>\n\n\n\n<p class=\"has-small-font-size\">Ida Behnen, Cornelia Bookjans, Karin Hanneken, Erika Hensen, Sonja K\u00fcnen, Christel Kr\u00f6ger, Anne Meinerling (Leiterin), Margot Meinerling, Doris Rieken, \u00c4nne Schulte-Kerssens, Elisabeth Schwarte, Christa T\u00f6bben, Gerda Wesseln, Maria Wesseln.<\/p>\n\n\n\n<p class=\"has-small-font-size\">Der AK Volkstanzgruppe trifft sich weiterhin zum \u00dcben in Krulls Hus. Es werden neue T\u00e4nze einstudiert und geprobt.<\/p>\n\n\n\n<p><\/p>\n","protected":false},"excerpt":{"rendered":"<p>Volkstanzgruppe feierte 2005 25-j\u00e4hriges Bestehen Unter der Leitung von Anne Meinerling Im September 2005 feiert die Volkstanzgruppe Lorup ihr 25-j\u00e4hriges Bestehen zusammen mit dem Heimatring, der sein 50-j\u00e4hriges Bestehen feiert. Am 17. Juni 1980 trafen sich erstmals 14 Frauen aus der Katholischen Frauengemeinschaft, um miteinander Volkst\u00e4nze kennen zu lernen. Anregung zu diesem Treffen gaben Paula [&hellip;]<\/p>\n","protected":false},"author":1,"featured_media":0,"parent":0,"menu_order":0,"comment_status":"closed","ping_status":"closed","template":"","meta":{"footnotes":""},"class_list":["post-130","page","type-page","status-publish","hentry"],"_links":{"self":[{"href":"https:\/\/heimatring-lorup.de\/wordpress\/wp-json\/wp\/v2\/pages\/130","targetHints":{"allow":["GET"]}}],"collection":[{"href":"https:\/\/heimatring-lorup.de\/wordpress\/wp-json\/wp\/v2\/pages"}],"about":[{"href":"https:\/\/heimatring-lorup.de\/wordpress\/wp-json\/wp\/v2\/types\/page"}],"author":[{"embeddable":true,"href":"https:\/\/heimatring-lorup.de\/wordpress\/wp-json\/wp\/v2\/users\/1"}],"replies":[{"embeddable":true,"href":"https:\/\/heimatring-lorup.de\/wordpress\/wp-json\/wp\/v2\/comments?post=130"}],"version-history":[{"count":4,"href":"https:\/\/heimatring-lorup.de\/wordpress\/wp-json\/wp\/v2\/pages\/130\/revisions"}],"predecessor-version":[{"id":499,"href":"https:\/\/heimatring-lorup.de\/wordpress\/wp-json\/wp\/v2\/pages\/130\/revisions\/499"}],"wp:attachment":[{"href":"https:\/\/heimatring-lorup.de\/wordpress\/wp-json\/wp\/v2\/media?parent=130"}],"curies":[{"name":"wp","href":"https:\/\/api.w.org\/{rel}","templated":true}]}}