{"id":147,"date":"2021-03-19T07:56:52","date_gmt":"2021-03-19T06:56:52","guid":{"rendered":"https:\/\/heimatring-lorup.de\/wordpress\/?page_id=147"},"modified":"2025-06-26T17:39:53","modified_gmt":"2025-06-26T15:39:53","slug":"vorstand","status":"publish","type":"page","link":"https:\/\/heimatring-lorup.de\/wordpress\/vorstand\/","title":{"rendered":"Vorstand"},"content":{"rendered":"<div class=\"wp-block-image\">\n<figure class=\"aligncenter size-large\"><img loading=\"lazy\" decoding=\"async\" width=\"1024\" height=\"768\" src=\"https:\/\/heimatring-lorup.de\/wordpress\/wp-content\/uploads\/2025\/06\/Vorstand-September-2024-1024x768.jpeg\" alt=\"\" class=\"wp-image-1177\" srcset=\"https:\/\/heimatring-lorup.de\/wordpress\/wp-content\/uploads\/2025\/06\/Vorstand-September-2024-1024x768.jpeg 1024w, https:\/\/heimatring-lorup.de\/wordpress\/wp-content\/uploads\/2025\/06\/Vorstand-September-2024-300x225.jpeg 300w, https:\/\/heimatring-lorup.de\/wordpress\/wp-content\/uploads\/2025\/06\/Vorstand-September-2024-768x576.jpeg 768w, https:\/\/heimatring-lorup.de\/wordpress\/wp-content\/uploads\/2025\/06\/Vorstand-September-2024-1536x1152.jpeg 1536w, https:\/\/heimatring-lorup.de\/wordpress\/wp-content\/uploads\/2025\/06\/Vorstand-September-2024.jpeg 2000w\" sizes=\"auto, (max-width: 1024px) 100vw, 1024px\" \/><figcaption class=\"wp-element-caption\">Aktueller Vorstand<\/figcaption><\/figure>\n<\/div>\n\n\n<p class=\"has-small-font-size\">von links nach rechts: 2. Vorsitzender Bernd Pohlabeln, 1. Vorsitzender Thomas Abeln, bisherige Schatzmeisterin Karin Korte, bisheriger 1. Vorsitzender Hans Schwarte, 1. Gesch\u00e4ftsf\u00fchrer Bernd Krull, 2. Schatzmeisterin Claudia Meyer, 2. Gesch\u00e4ftsf\u00fchrer Hans Wingberm\u00fchlen, Beisitzerin Mechthild Swobodaund die neue 1. Schatzmeisterin Karin Pohlabeln<\/p>\n\n\n\n<div class=\"wp-block-columns is-layout-flex wp-container-core-columns-is-layout-9d6595d7 wp-block-columns-is-layout-flex\">\n<div class=\"wp-block-column is-layout-flow wp-block-column-is-layout-flow\">\n<p class=\"has-background has-small-font-size\" style=\"background-color:#a8fbdd\">1. <strong>Vorsitzender<\/strong><br>Thomas Abeln<br>S\u00fcdholt 08<br>26901 Lorup<br>05954 925520<br><a href=\"mailto:thomas-abeln@freenet.de\">thomas-abeln@freenet.de<\/a><\/p>\n<\/div>\n\n\n\n<div class=\"wp-block-column is-layout-flow wp-block-column-is-layout-flow\">\n<p class=\"has-background has-small-font-size\" style=\"background-color:#d9f6eb\"><strong>2. Vorsitzender<\/strong><br>Bernd Pohlabeln<br>S\u00f6geler Weg 9<br>26901 Lorup<br>05954 1217<br><a href=\"mailto:b.pohlabeln@stapelbroek.com\">b.pohlabeln@stapelbroek.com<\/a><\/p>\n<\/div>\n\n\n\n<div class=\"wp-block-column is-layout-flow wp-block-column-is-layout-flow\">\n<p class=\"has-background has-small-font-size\" style=\"background-color:#a8fbdd\">1. <strong>Gesch\u00e4ftsf\u00fchrer<\/strong><br>Bernd Krull<br>K\u00f6nigshook 22<br>26901 Lorup<br>05954 367<br><a href=\"mailto:bernhard.krull@ewetel.net\">bernhard.krull@ewetel.net<\/a><\/p>\n<\/div>\n\n\n\n<div class=\"wp-block-column is-layout-flow wp-block-column-is-layout-flow\">\n<p class=\"has-background has-small-font-size\" style=\"background-color:#d9f6eb\"><strong>2. Gesch\u00e4ftsf\u00fchrer<\/strong><br>Hans Wingberm\u00fchlen<br>Riegen 3<br>26901 Lorup<br>05954 401<br><a href=\"mailto:wingbermuehlen@t-online.de\">wingbermuehlen@t-online.de<\/a><\/p>\n<\/div>\n<\/div>\n\n\n\n<div class=\"wp-block-columns is-layout-flex wp-container-core-columns-is-layout-9d6595d7 wp-block-columns-is-layout-flex\">\n<div class=\"wp-block-column is-layout-flow wp-block-column-is-layout-flow\">\n<p class=\"has-background has-small-font-size\" style=\"background-color:#d9f6eb\">1. <strong>Schatzmeisterin<\/strong><br>Karin Pohlabeln<br>Werlter Str. 26<br>26901 Lorup<br>05954 925698<br><a href=\"mailto:Lule.lorup@gmx.de\">Lule.lorup@gmx.de<\/a><\/p>\n<\/div>\n\n\n\n<div class=\"wp-block-column is-layout-flow wp-block-column-is-layout-flow\">\n<p class=\"has-background has-small-font-size\" style=\"background-color:#a8fbdd\"><strong>2. Schatzmeisterin<\/strong><br>Claudia Meyer<br>Speckenweg 31<br>26901 Lorup<br>05954 1482<br><a href=\"mailto:claudia@meyer-lorup.de\">claudia@meyer-lorup.de<\/a><\/p>\n\n\n\n<p class=\"has-white-background-color has-background has-small-font-size\"><strong>\u00d6ffentlichkeitsarbeit<\/strong><br>Anne-Marie Revermann<br>Heidgarden 01a<br>26901 Lorup<br>0163\/7370642<br><a href=\"mailto:anne.revermann@gmx.de\">anne.revermann@gmx.de<\/a><\/p>\n<\/div>\n\n\n\n<div class=\"wp-block-column is-layout-flow wp-block-column-is-layout-flow\">\n<p class=\"has-background has-small-font-size\" style=\"background-color:#d9f6eb\"><strong>Beisitzerin<\/strong><br>Mechthild Swoboda<br>Birkenweg 33<br>26901 Lorup<br>05954 1446<br><a href=\"mailto:mechthild.swoboda68@gmail.com\">mechthild.swoboda68@gmail.com<\/a><\/p>\n\n\n\n<p class=\"has-background has-small-font-size\" style=\"background-color:#a8fbdd\"><strong>\u00d6ffentlichkeitsarbeit<\/strong><br>Julia Kleymann<br>K\u00f6nigshook 22a<br>26901 Lorup<br>0174\/5147788<br><a href=\"mailto:julia.schulte-greve@web.de\">julia.schulte-greve@web.de<\/a><\/p>\n<\/div>\n\n\n\n<div class=\"wp-block-column is-layout-flow wp-block-column-is-layout-flow\">\n<p class=\"has-background has-small-font-size\" style=\"background-color:#a8fbdd\"><strong>Beisitzer<\/strong><br>Markus Wichmann<br>Westerholt 29a<br>26901 Lorup<br>05954 939059<br><a href=\"mailto:markus.wichmann2904@gmail.com\">markus.wichmann2904@gmail.com<\/a><\/p>\n<\/div>\n<\/div>\n\n\n<p style=\"text-align: center;\"><strong>N a c h r u f<\/strong><\/p>\n<p style=\"text-align: center;\">Tief betroffen nehmen wir Abschied von unserem Ehrenvorsitzenden<\/p>\n<p style=\"text-align: center;\">Hans Schwarte<\/p>\n<p style=\"text-align: center;\">27.12.1949 \u2013 18.06.2025<\/p>\n<p>Der liebe Verstorbene war von 1990 bis 2001 Gesch\u00e4ftsf\u00fchrer des Heimat-Rings Lorup und ab 2001 bis zu seiner Verabschiedung im Jahre 2024 dessen Vorsitzender.<\/p>\n<p>Mit Hans Schwarte verliert der Heimat-Ring Lorup einen Menschen, der das Bild des Heimat-Rings ganz entscheidend gepr\u00e4gt hat. Hans wurde nicht unbegr\u00fcndet oft als das \u201eWissen Lorups\u201c bezeichnet.<\/p>\n<p>Er wusste nicht nur \u00fcber die Zeitgeschichte der Gemeinde Lorup Bescheid, sondern ganz besonders auch \u00fcber die Entwicklung unserer Heimat, \u00fcber Vereins- und Familiengeschichte. Hans hat sich in seiner aktiven Zeit sehr um den Verein verdient gemacht und war in allen Belangen ein kompetenter Ratgeber.<\/p>\n<p>Auch nach seiner Verabschiedung aus dem Vorstand blieb Hans dem Heimat-Ring eng verbunden. So hat er immer wieder F\u00fchrungen in Werkstatt und Remise \u00fcbernommen. Insbesondere die Familienforschung war f\u00fcr Hans ein Hauptanliegen. Dieser Aufgabe hat er sich mit gro\u00dfer Hingabe gewidmet und ist ihr bis zum Schluss treu geblieben.<\/p>\n<p>Mit Hans verliert der Heimat-Ring Lorup nicht nur ein engagiertes Mitglied, sondern auch einen allseits gesch\u00e4tzten Vorstandskollegen.<\/p>\n<p>Unsere tief empfundene Anteilnahme gilt in diesen schweren Stunden seiner Frau Frieda und der Familie.<\/p>\n<p>Wir bleiben dem Verstorbenen mit gro\u00dfer Hochachtung und Dankbarkeit<\/p>\n<p>tief verbunden und werden ihm ein ehrendes Andenken bewahren.<\/p>\n<p>&nbsp;<\/p>\n<p style=\"text-align: center;\">F\u00fcr den Heimat-Ring Lorup<\/p>\n<p style=\"text-align: center;\">\u00a0<\/p>\n<p style=\"text-align: center;\">\u00a0\u00a0 Thomas Abeln\u00a0\u00a0\u00a0\u00a0\u00a0\u00a0\u00a0\u00a0\u00a0\u00a0\u00a0\u00a0\u00a0\u00a0\u00a0\u00a0\u00a0\u00a0\u00a0\u00a0\u00a0\u00a0\u00a0\u00a0\u00a0\u00a0\u00a0\u00a0\u00a0\u00a0\u00a0\u00a0\u00a0\u00a0\u00a0\u00a0\u00a0\u00a0\u00a0\u00a0\u00a0\u00a0\u00a0\u00a0\u00a0\u00a0\u00a0\u00a0\u00a0\u00a0\u00a0\u00a0\u00a0\u00a0\u00a0\u00a0\u00a0\u00a0\u00a0\u00a0\u00a0\u00a0\u00a0\u00a0\u00a0\u00a0 \u00a0Bernd Krull<\/p>\n<p style=\"text-align: center;\">\u00a0 \u00a0\u00a0\u00a0\u00a0(Vorsitzender)\u00a0\u00a0\u00a0\u00a0\u00a0\u00a0\u00a0\u00a0\u00a0\u00a0\u00a0\u00a0\u00a0\u00a0\u00a0\u00a0\u00a0\u00a0\u00a0\u00a0\u00a0\u00a0\u00a0\u00a0\u00a0\u00a0\u00a0\u00a0\u00a0\u00a0\u00a0\u00a0\u00a0\u00a0\u00a0\u00a0\u00a0\u00a0\u00a0\u00a0\u00a0\u00a0\u00a0\u00a0\u00a0\u00a0\u00a0\u00a0\u00a0\u00a0\u00a0\u00a0\u00a0\u00a0\u00a0\u00a0\u00a0\u00a0\u00a0\u00a0\u00a0\u00a0\u00a0\u00a0 (Gesch\u00e4ftsf\u00fchrer)<\/p>\n\n\n<p class=\"has-text-align-center\"><\/p>\n\n\n\n<p><strong>Geschichte der Vorst\u00e4nde<\/strong><\/p>\n\n\n\n<p class=\"has-medium-font-size\"><strong>Die Ehrenvorsitzenden<\/strong><\/p>\n\n\n\n<div class=\"wp-block-media-text alignwide is-stacked-on-mobile is-vertically-aligned-top\" style=\"grid-template-columns:15% auto\"><figure class=\"wp-block-media-text__media\"><img loading=\"lazy\" decoding=\"async\" width=\"180\" height=\"250\" src=\"https:\/\/heimatring-lorup.de\/wordpress\/wp-content\/uploads\/2021\/03\/rohjans.jpg\" alt=\"\" class=\"wp-image-173 size-full\"\/><\/figure><div class=\"wp-block-media-text__content\">\n<p><strong>Theodor Rohjans<\/strong> (Kassen sin Dirk)<\/p>\n\n\n\n<p>Theodor Rohjans hat mehrere plattdeutsche Kurzgeschichten verfa\u00dft, so unter anderem den Bericht \u00fcber die Sitzung in der \u201eB\u00f6rse\u201c um 1900 (Rohjansjanbernd sin F\u00fcer).<br>Ferner liegt uns von ihm die Geschichte Lorups als Manuskript vor.<\/p>\n\n\n\n<p>Bei der Gr\u00fcndung des Heimat Ring 1955 war Theodor Rohjans als Vorsitzender vorgesehen.<\/p>\n<\/div><\/div>\n\n\n\n<p>\u00dcber die Wichtigkeit von Theodor Rohjans f\u00fcr die Heimatarbeit in Lorup gibt der Bericht in der Ems Zeitung \u00fcber die Gr\u00fcndung des Heimat Ring Auskunft: \u201eRendant i.R. Theodor Rohjans, der den damaligen Heimatverein vor dem zweiten Weltkrieg geleitet hat, gab einen umfassenden T\u00e4tigkeitsbericht aus den Vorkriegsjahren. Daraus ergab sich, da\u00df er wirklich gediegene und umfangreiche Arbeit geleistet hat. Er bat aber von seiner Wahl zum Vorsitzenden abzusehen, da er dieser Aufgabe infolge hohen Alters nicht mehr gewachsen sei.\u201c<\/p>\n\n\n\n<p>Er wurde dann zum ersten Ehrenvorsitzenden ernannt.<\/p>\n\n\n\n<p>Leider liegen uns \u00fcber diesen Bericht keine Aufzeichnungen vor.<\/p>\n\n\n\n<div class=\"wp-block-media-text alignwide has-media-on-the-right is-stacked-on-mobile is-vertically-aligned-top\" style=\"grid-template-columns:auto 18%\"><div class=\"wp-block-media-text__content\">\n<p><strong>Franz Grote<\/strong> (Neeiolleges Franz)<\/p>\n\n\n\n<p>Auf der Mitgliederversammlung am 16. M\u00e4rz 2001 kandidierte Franz Grote aus Gesundheitsgr\u00fcnden nicht wieder f\u00fcr den Vorstand. Auf Antrag des neuen Vorstandes wurde Franz Grote einstimmig zum Ehrenvorsitzenden des Heimat Ring ernannt.<\/p>\n\n\n\n<p>Ausz\u00fcge aus der Laudatio des Vorsitzenden Hans Schwarte: \u201eDu warst bereit, in einer f\u00fcr den Heimat Ring schwierigen Zeit den Vorsitz zu \u00fcbernehmen. Am 14. August 1992 wurdest Du auf unserer Mitgliederversammlung einstimmig zum 1. Vorsitzenden gew\u00e4hlt.<br>Vorher warst Du bereits 1. Vorsitzender im Vorstand der Hans-Meyer-Wellmann-Stiftung.<\/p>\n<\/div><figure class=\"wp-block-media-text__media\"><img loading=\"lazy\" decoding=\"async\" width=\"183\" height=\"250\" src=\"https:\/\/heimatring-lorup.de\/wordpress\/wp-content\/uploads\/2021\/03\/franzgrote.jpg\" alt=\"\" class=\"wp-image-174 size-full\"\/><\/figure><\/div>\n\n\n\n<p>In diesen fast 9 Jahren hast Du fast Deine gesamte Freizeit der Heimatarbeit gewidmet. Jedes Jahr hast Du als \u201eTunscheerenkerl\u201c daf\u00fcr gesorgt, da\u00df die Beldertunscheere rechtzeitig zur Jahreswende fertig auf dem Tisch lag. Hierdurch hast Du vielen Menschen im In- und Ausland eine Freude bereitet und bei vielen die Erinnerung an die Heimat wach gehalten. Jeder, der sich mit der Herausgabe von B\u00fcchern etwas auskennt, hat Hochachtung vor dieser Leistung. Allein die M\u00fche, jedes Jahr wieder ein Team zusammenzustellen, da\u00df bereit ist Artikel zu schreiben und auch selbst zahlreiche Artikel zu verfassen, die Suche nach den passenden Fotos, D\u00f6nkes um die Seiten voll zu kriegen, das Korrekturlesen des Rohandruckes und so viele Arbeiten mehr.<\/p>\n\n\n\n<p>Du hast in diesen Jahren unz\u00e4hlige Versammlungen, Kl\u00f6nabende und Ausstellungen geleitet. Unvergessen sind Deine Vortr\u00e4ge und nicht zuletzt Dein Auftritt bei der \u201eRevue der Jahrhunderte\u201c.<\/p>\n\n\n\n<p>Neben der Arbeit als Vorsitzender und Leiter des Arbeitskreises Beldertunscheere hast Du auch in den Arbeitskreisen Familienforschung und Plattdeutsch mitgearbeitet. Du hast so manche Stunde im Heuerhaus zugebracht und auch den Heimat Ring bei \u00fcberregionalen Veranstaltungen vertreten.<br>Wir freuen uns auch, da\u00df Du Dich nicht ganz zur\u00fcck ziehst, sondern als Tunscheerenkerl zumindest f\u00fcr die Beldertunscheere 2002 zur Verf\u00fcgung stehst und auch noch im Arbeitskreis Plattdeutsch weiter mitarbeitest.\u201c<\/p>\n\n\n\n<p>Inzwischen hat Franz Grote die Leitung des Arbeitskreises Beldertunscheere abgegeben, er arbeitet aber in den Arbeitskreisen Beldertunscheere und Plattdeutsch mit.<br><\/p>\n\n\n\n<p>Hans Schwarte<\/p>\n\n\n\n<p class=\"has-medium-font-size\"><strong>Die Vorst\u00e4nde<\/strong><\/p>\n\n\n\n<p>Als am 8. M\u00e4rz 1955 der Heimat Ring Lorup gegr\u00fcndet wurde, w\u00e4hlte die Gr\u00fcndungsversammlung Hans Meyer-Wellmann zum 1. Vorsitzenden. Zu seinem Stellvertreter ernannte er den B\u00e4ckermeister Bernhard Siemer.<\/p>\n\n\n\n<p>Wie Hans Meyer-Wellmann auch in seinen Gedanken am 8. M\u00e4rz 1975 ausf\u00fchrte, war es nicht sein Ziel, einen Verein mit Mitgliedern usw. zu gr\u00fcnden. Er definierte Heimat Ring wie folgt: \u201eDer Heimat Ring Lorup ist der uneigenn\u00fctzige und selbstlose Zusammenschlu\u00df aller Einwohner unseres Dorfes, mit allen ausw\u00e4rts wohnenden Lorupern und deren Freunden, zu einer Gemeinschaft, die auf die \u00fcber tausendj\u00e4hrige Loruper Dorfgemeinschaft aufbaut zu einem alle umschlie\u00dfenden Ring.\u201c<\/p>\n\n\n\n<p>Jeder, der die Beldertunscheere kaufte, war automatisch f\u00fcr ein Jahr Mitglied im Heimat Ring. \u00dcber den Bezug der Beldertunscheere wurde j\u00e4hrlich ein Verzeichnis gef\u00fchrt.<\/p>\n\n\n\n<p>Ob in dieser Zeit jemals wieder Neuwahlen durchgef\u00fchrt wurden, kann nicht festgestellt werden, ist aber fast auszuschlie\u00dfen. Hans Meyer-Wellmann bewahrte alles an \u201ePapier\u201c auf, es sind jedoch keine Unterlagen oder Aufzeichnungen \u00fcber Wahlen zu finden.<\/p>\n\n\n\n<p>Nach dem Tod von Hans Meyer-Wellmann am 12. Februar 1990 war somit der Heimat Ring f\u00fchrungslos.<\/p>\n\n\n\n<p>Zur Mitgliederversammlung am 7. Dezember 1990 luden Dr. Hans Stindt, Rudolf Wilken und Lukas Olliges ein. Alle drei hatten in den letzten Jahren eng mit Hans Meyer-Wellmann zusammen gearbeitet.<\/p>\n\n\n\n<p>Die Einladung war an alle Bezieher der Beldertunscheere f\u00fcr das Jahr 1990 versandt worden.<br>In der Einladung hei\u00dft es: \u201eZur Mitgliederversammlung sind nur Vereinsmitglieder zugelassen. Die Mitgliedschaft zum Heimat Ring Lorup f\u00fcr 1990 ist durch den Kauf und Bezahlung der Beldertunscheere 1990 erworben.\u201c<\/p>\n\n\n\n<p>91 Mitglieder waren bei dieser ersten Mitgliederversammlung nach dem Tod von Hans Meyer-Wellmann anwesend. Die Versammlung wurde vom Gesch\u00e4ftsf\u00fchrer des Kreisheimatvereins Karl-Heinz Weber geleitet.<\/p>\n\n\n\n<div class=\"wp-block-media-text alignwide is-stacked-on-mobile is-vertically-aligned-top\" style=\"grid-template-columns:16% auto\"><figure class=\"wp-block-media-text__media\"><img loading=\"lazy\" decoding=\"async\" width=\"179\" height=\"250\" src=\"https:\/\/heimatring-lorup.de\/wordpress\/wp-content\/uploads\/2021\/03\/olliges.jpg\" alt=\"\" class=\"wp-image-175 size-full\"\/><\/figure><div class=\"wp-block-media-text__content\">\n<p>Die Versammlung w\u00e4hlte Lukas Olliges zum 1. Vorsitzenden und Ulrich Borgmann zu seinem Stellvertreter. Hans Schwarte wurde zum Gesch\u00e4ftsf\u00fchrer und Gerd Immken zu seinem Stellvertreter gew\u00e4hlt.<br>Zum 1. Schatzmeister w\u00e4hlte die Versammlung Agnes Book und Karin Korte als Stellvertreterin.<\/p>\n\n\n\n<p>Der Vorstand wurde laut neu beschlossener Satzung auf drei Jahre gew\u00e4hlt.<\/p>\n\n\n\n<p>Bereits im Mai 1992 trat der erste Vorsitzende Lukas Olliges aus pers\u00f6nlichen Gr\u00fcnden zur\u00fcck. Am 14. August 1992 wurde Franz Grote, der vorher Vorsitzender der Hans-Meyer-Wellmann-Stiftung war, einstimmig als neuer 1. Vorsitzender gew\u00e4hlt.<\/p>\n<\/div><\/div>\n\n\n\n<p>Auf der Mitgliederversammlung am 25. Januar 1994 schied Agnes Book auf eigenen Wunsch aus dem Vorstand aus. Als neue Schatzmeisterin wurde einstimmig Maria Kreutzjans gew\u00e4hlt. Die \u00fcbrigen Vorstandsmitglieder wurden einstimmig in ihren \u00c4mtern best\u00e4tigt.<br>Am 15. M\u00e4rz 1996 schied der bisherige stellvertretende Vorsitzende Ulrich Borgmann aus Gesundheitsgr\u00fcnden aus dem Vorstand aus. Hans Gr\u00f6nloh wurde als Nachfolger f\u00fcr Borgmann in den Vorstand gew\u00e4hlt.<\/p>\n\n\n\n<p>Auf der Mitgliederversammlung am 29. Mai 1997 standen wieder Wahlen auf der Tagesordnung, Gerd Immken kandidierte aus pers\u00f6nlichen Gr\u00fcnden nicht wieder. F\u00fcr ihn wurde Wilhelm Korte-Dirxen als stellvertretender Gesch\u00e4ftsf\u00fchrer in den Vorstand gew\u00e4hlt.<br>Der \u00fcbrige Vorstand wurde einstimmig in den \u00c4mtern best\u00e4tigt.<\/p>\n\n\n\n<p>Am 16. M\u00e4rz 2001 schieden auf der Mitgliederversammlung Franz Grote (nach fast 9 Jahren als 1.Vorsitzender) aus Gesundheitsgr\u00fcnden und Maria Kreutzjans (nach 7 Jahren als Schatzmeisterin) aus dem Vorstand aus. Dadurch kam es zu Verschiebungen der \u00c4mter innerhalb des Vorstandes. Neu in den Vorstand kamen Annemarie Fust und Wilhelm H\u00fcntelmann.<br>Der Vorstand setzt sich jetzt wie folgt zusammen:<br>1. Vorsitzender Hans Schwarte (bisher 1. Gesch\u00e4ftsf\u00fchrer)<br>2. Vorsitzender Hans Gr\u00f6nloh (wie bisher)<br>1. Gesch\u00e4ftsf\u00fchrer Wilhelm Korte-Dirxen (bisher 2. Gesch\u00e4ftsf\u00fchrer)<br>2. Gesch\u00e4ftsf\u00fchrer Wilhelm H\u00fcntelmann (neu im Vorstand)<br>1. Schatzmeister Karin Korte (bisher 2. Schatzmeister)<br>2. Schatzmeister Annemarie Fust (neu im Vorstand)<\/p>\n\n\n\n<p>Der Vorstand wurde einstimmig gew\u00e4hlt.<\/p>\n\n\n\n<p>Auf der Mitgliederversammlung am 2. April 2004 wurde der gesamte Vorstand einstimmig best\u00e4tigt.<\/p>\n\n\n\n<p>Erw\u00e4hnenswert ist, da\u00df Karin Korte und Hans Schwarte seit der Neuaktivierung des Heimat Ring Lorup, dem 7. Dezember 1990 ununterbrochen dem Vorstand angeh\u00f6ren.<\/p>\n","protected":false},"excerpt":{"rendered":"<p>von links nach rechts: 2. Vorsitzender Bernd Pohlabeln, 1. Vorsitzender Thomas Abeln, bisherige Schatzmeisterin Karin Korte, bisheriger 1. Vorsitzender Hans Schwarte, 1. Gesch\u00e4ftsf\u00fchrer Bernd Krull, 2. Schatzmeisterin Claudia Meyer, 2. Gesch\u00e4ftsf\u00fchrer Hans Wingberm\u00fchlen, Beisitzerin Mechthild Swobodaund die neue 1. Schatzmeisterin Karin Pohlabeln 1. VorsitzenderThomas AbelnS\u00fcdholt 0826901 Lorup05954 925520thomas-abeln@freenet.de 2. VorsitzenderBernd PohlabelnS\u00f6geler Weg 926901 Lorup05954 1217b.pohlabeln@stapelbroek.com [&hellip;]<\/p>\n","protected":false},"author":1,"featured_media":0,"parent":0,"menu_order":0,"comment_status":"closed","ping_status":"closed","template":"","meta":{"footnotes":""},"class_list":["post-147","page","type-page","status-publish","hentry"],"_links":{"self":[{"href":"https:\/\/heimatring-lorup.de\/wordpress\/wp-json\/wp\/v2\/pages\/147","targetHints":{"allow":["GET"]}}],"collection":[{"href":"https:\/\/heimatring-lorup.de\/wordpress\/wp-json\/wp\/v2\/pages"}],"about":[{"href":"https:\/\/heimatring-lorup.de\/wordpress\/wp-json\/wp\/v2\/types\/page"}],"author":[{"embeddable":true,"href":"https:\/\/heimatring-lorup.de\/wordpress\/wp-json\/wp\/v2\/users\/1"}],"replies":[{"embeddable":true,"href":"https:\/\/heimatring-lorup.de\/wordpress\/wp-json\/wp\/v2\/comments?post=147"}],"version-history":[{"count":19,"href":"https:\/\/heimatring-lorup.de\/wordpress\/wp-json\/wp\/v2\/pages\/147\/revisions"}],"predecessor-version":[{"id":1180,"href":"https:\/\/heimatring-lorup.de\/wordpress\/wp-json\/wp\/v2\/pages\/147\/revisions\/1180"}],"wp:attachment":[{"href":"https:\/\/heimatring-lorup.de\/wordpress\/wp-json\/wp\/v2\/media?parent=147"}],"curies":[{"name":"wp","href":"https:\/\/api.w.org\/{rel}","templated":true}]}}