{"id":72,"date":"2021-03-18T21:55:42","date_gmt":"2021-03-18T20:55:42","guid":{"rendered":"https:\/\/heimatring-lorup.de\/wordpress\/?page_id=72"},"modified":"2021-03-22T23:25:14","modified_gmt":"2021-03-22T22:25:14","slug":"gaestebuch","status":"publish","type":"page","link":"https:\/\/heimatring-lorup.de\/wordpress\/gaestebuch\/","title":{"rendered":"G\u00e4stebuch"},"content":{"rendered":"<div class=\"gwolle-gb\"><div class=\"gwolle-gb-messages-top-container\"><\/div>\n\t\t\t<div class=\"gwolle-gb-write-button\">\n\t\t\t\t<input type=\"button\" name=\"gwolle-gb-write-button\" class=\"button btn btn-default \" value=\"Neuen Eintrag schreiben\" aria-expanded=\"false\" \/>\n\t\t\t<\/div>\n\t\t\t<form action=\"#\" method=\"POST\" class=\"gwolle-gb-write gwolle-gb-hide gwolle-gb-float gwolle-gb-form-ajax gwolle-gb-ajax gwolle-gb-not-logged-in\">\n\t\t\t\t<h3>Einen neuen Eintrag f\u00fcr das G\u00e4stebuch schreiben<\/h3>\n\t\t\t\t<button type=\"button\" class=\"gb-notice-dismiss\">x<span class=\"screen-reader-text\">Dieses Formular ausblenden<\/span><\/button>\n\t\t\t\n\t\t\t\t<input type=\"hidden\" name=\"gwolle_gb_function\" class=\"gwolle_gb_function\" value=\"add_entry\" \/><input type=\"hidden\" name=\"gwolle_gb_book_id\" class=\"gwolle_gb_book_id\" value=\"1\" \/><div class=\"gwolle_gb_159ca9f9c68579a7fc48b346c8eb5bca\">\n\t\t\t\t<div class=\"label\"><label for=\"gwolle_gb_159ca9f9c68579a7fc48b346c8eb5bca-1\" class=\"text-info\">Name <span class=\"required\">*<\/span><\/label><\/div>\n\t\t\t\t<div class=\"input\"><input class=\"wp-exclude-emoji gwolle_gb_159ca9f9c68579a7fc48b346c8eb5bca\" value=\"\" type=\"text\" id=\"gwolle_gb_159ca9f9c68579a7fc48b346c8eb5bca-1\" name=\"gwolle_gb_159ca9f9c68579a7fc48b346c8eb5bca\" required \/><\/div>\n\t\t\t\t<div class=\"clearBoth\">&nbsp;<\/div>\n\t\t\t<\/div><div class=\"gwolle_gb_a3595051e5462801eba4573bbce73173\">\n\t\t\t\t\t<div class=\"label\"><label for=\"gwolle_gb_a3595051e5462801eba4573bbce73173-1\" class=\"text-info\">Stadt<\/label><\/div>\n\t\t\t\t\t<div class=\"input\"><input class=\"wp-exclude-emoji gwolle_gb_a3595051e5462801eba4573bbce73173\" value=\"\" type=\"text\" id=\"gwolle_gb_a3595051e5462801eba4573bbce73173-1\" name=\"gwolle_gb_a3595051e5462801eba4573bbce73173\" \/><\/div>\n\t\t\t\t\t<div class=\"clearBoth\">&nbsp;<\/div>\n\t\t\t\t<\/div><div class=\"gwolle_gb_93a8df972eb5d78c255af810297f5e1d\">\n\t\t\t\t<div class=\"label\"><label for=\"gwolle_gb_93a8df972eb5d78c255af810297f5e1d-1\" class=\"text-info\">E-Mail <span class=\"required\">*<\/span><\/label><\/div>\n\t\t\t\t<div class=\"input\"><input class=\"gwolle_gb_93a8df972eb5d78c255af810297f5e1d\" value=\"\" type=\"email\" id=\"gwolle_gb_93a8df972eb5d78c255af810297f5e1d-1\" name=\"gwolle_gb_93a8df972eb5d78c255af810297f5e1d\" required \/><\/div>\n\t\t\t\t<div class=\"clearBoth\">&nbsp;<\/div>\n\t\t\t<\/div><div class=\"gwolle_gb_6c5e57de0e89c6ed5012f336bfb91698\">\n\t\t\t\t<div class=\"label\"><label for=\"gwolle_gb_6c5e57de0e89c6ed5012f336bfb91698-1\" class=\"text-info\">Website<\/label><\/div>\n\t\t\t\t<div class=\"input\"><input class=\"gwolle_gb_6c5e57de0e89c6ed5012f336bfb91698\" value=\"\" type=\"url\" id=\"gwolle_gb_6c5e57de0e89c6ed5012f336bfb91698-1\" name=\"gwolle_gb_6c5e57de0e89c6ed5012f336bfb91698\" \/><\/div>\n\t\t\t\t<div class=\"clearBoth\">&nbsp;<\/div>\n\t\t\t<\/div>\n\t\t\t<div class=\"gwolle_gb_206b79fc6e6a237765e3572b4e33c485\" style=\"display:none;overflow:hidden;\" hidden=\"true\" aria-hidden=\"true\">\n\t\t\t\t<div class=\"label\">\n\t\t\t\t\t<label for=\"gwolle_gb_206b79fc6e6a237765e3572b4e33c485-1\" class=\"text-primary\">Hier nichts eingeben<\/label>\n\t\t\t\t\t<label for=\"gwolle_gb_2d51f457ec28d7e8ed5782c2938c21ff-1\" class=\"text-primary\">Hier nichts eingeben<\/label>\n\t\t\t\t<\/div>\n\t\t\t\t<div class=\"input\">\n\t\t\t\t\t<input value=\"25\" type=\"text\" id=\"gwolle_gb_206b79fc6e6a237765e3572b4e33c485-1\" name=\"gwolle_gb_206b79fc6e6a237765e3572b4e33c485\" class=\"gwolle_gb_206b79fc6e6a237765e3572b4e33c485\" style=\"transform: translateY(10000px);\" \/>\n\t\t\t\t\t<input value=\"\" type=\"text\" name=\"gwolle_gb_2d51f457ec28d7e8ed5782c2938c21ff\" id=\"gwolle_gb_2d51f457ec28d7e8ed5782c2938c21ff-1\" class=\"gwolle_gb_2d51f457ec28d7e8ed5782c2938c21ff\" style=\"transform: translateY(10000px);\" \/>\n\t\t\t\t<\/div>\n\t\t\t\t<div class=\"clearBoth\"><\/div>\n\t\t\t<\/div>\n\t\t\t<div class=\"gwolle_gb_296793d2b9259772cdf81fcd80937ae6\" style=\"display:none;overflow:hidden;\" hidden=\"true\" aria-hidden=\"true\">\n\t\t\t\t<div class=\"label\">\n\t\t\t\t\t<label for=\"gwolle_gb_296793d2b9259772cdf81fcd80937ae6-1\" class=\"text-primary\">Hier nichts eingeben<\/label>\n\t\t\t\t\t<label for=\"gwolle_gb_043c1fa5e977f1191b92e3e0533eb45b-1\" class=\"text-primary\">Hier nichts eingeben<\/label>\n\t\t\t\t<\/div>\n\t\t\t\t<div class=\"input\">\n\t\t\t\t\t<input value=\"80081\" type=\"text\" id=\"gwolle_gb_296793d2b9259772cdf81fcd80937ae6-1\" name=\"gwolle_gb_296793d2b9259772cdf81fcd80937ae6\" class=\"gwolle_gb_296793d2b9259772cdf81fcd80937ae6\" style=\"transform: translateY(10000px);\" \/>\n\t\t\t\t\t<input value=\"80081\" type=\"text\"id=\"gwolle_gb_043c1fa5e977f1191b92e3e0533eb45b-1\" name=\"gwolle_gb_043c1fa5e977f1191b92e3e0533eb45b\" class=\"gwolle_gb_043c1fa5e977f1191b92e3e0533eb45b\" style=\"transform: translateY(10000px);\" \/>\n\t\t\t\t<\/div>\n\t\t\t\t<div class=\"clearBoth\"><\/div>\n\t\t\t<\/div><div class=\"gwolle_gb_content\">\n\t\t\t\t<div class=\"label\"><label for=\"gwolle_gb_content-1\" class=\"text-info\">G\u00e4stebucheintrag <span class=\"required\">*<\/span><\/label><\/div>\n\t\t\t\t<div class=\"input\"><textarea id=\"gwolle_gb_content-1\" name=\"gwolle_gb_content\" class=\"gwolle_gb_content wp-exclude-emoji\" required ><\/textarea><\/div>\n\t\t\t\t\t<div class=\"clearBoth\">&nbsp;<\/div>\n\t\t\t\t<\/div><input type=\"hidden\" class=\"gwolle_gb_31d8a6917966e3116076ec68ebfff71a\" id=\"gwolle_gb_31d8a6917966e3116076ec68ebfff71a-1\" name=\"gwolle_gb_31d8a6917966e3116076ec68ebfff71a\" value=\"4eae850038\" \/>\n\t\t\t<div class=\"gwolle-gb-messages-bottom-container\"><\/div>\n\n\t\t\t<noscript><div class=\"no-js\">Warnung: Dieses Formular kann nur verwendet werden, wenn in deinem Browser JavaScript aktiviert ist.<\/div><\/noscript>\n\n\t\t\t<div class=\"gwolle_gb_submit gwolle-gb-submit\">\n\t\t\t\t<div class=\"label gwolle-gb-invisible text-muted\">&nbsp;<\/div>\n\t\t\t\t<div class=\"input\">\n\t\t\t\t\t<input type=\"submit\" name=\"gwolle_gb_submit\" class=\"gwolle_gb_submit button btn btn-primary \" value=\"Absenden\" \/>\n\t\t\t\t\t<span class=\"gwolle_gb_submit_ajax_icon gwolle-gb-submit-ajax-icon\"><\/span>\n\t\t\t\n\t\t\t\t<\/div>\n\t\t\t\t<div class=\"clearBoth\">&nbsp;<\/div>\n\t\t\t<\/div>\n\n\t\t\t<div class=\"gwolle_gb_notice gwolle-gb-notice\">\n\t\t\t\tMit * gekennzeichnete Felder sind erforderlich.<br \/>\r\nDeine E-Mail-Adresse wird nicht ver\u00f6ffentlicht.<br \/>\r\nEs ist m\u00f6glich, dass dein Eintrag im G\u00e4stebuch erst sichtbar ist, nachdem wir ihn \u00fcberpr\u00fcft haben.<br \/>\r\nWir behalten uns vor, Eintr\u00e4ge zu bearbeiten, zu l\u00f6schen oder nicht zu ver\u00f6ffentlichen.\n\t\t\t<\/div><\/form><div class=\"gwolle-gb-read gwolle-gb-ajax gwolle-gb-entries-list\" data-book_id=\"1\" data-page_id=\"1\">\n\t\t<div id=\"gwolle-gb-total\" class=\"gwolle-gb-total\">3 Eintr\u00e4ge<\/div><!-- Gwolle-GB Entry: Default Template Loaded -->\n\t\t\t\t<div class=\"gb-entry gb-entry_3 gb-entry-count_1 gwolle-gb-uneven gwolle-gb-first\" id=\"gb-entry_3\" data-entry_id=\"3\">\n\t\t\t\t<article>\n\t\t\t\t\t<div class=\"gb-author-info\">\n\t\t\t\t\t\t<span class=\"gb-author-avatar\"><img referrerpolicy=\"no-referrer\" alt='Karin Pohlabeln' src='https:\/\/secure.gravatar.com\/avatar\/965904d5e34980c7fb107414691f2f26d15eaa9b3e0de5678eede8b409b0481f?s=32&#038;d=mm&#038;r=g' srcset='https:\/\/secure.gravatar.com\/avatar\/965904d5e34980c7fb107414691f2f26d15eaa9b3e0de5678eede8b409b0481f?s=64&#038;d=mm&#038;r=g 2x' class='avatar avatar-32 photo' height='32' width='32' \/><\/span>\n\t\t\t\t\t\t<span class=\"gb-author-name\">Karin Pohlabeln\n\t\t\t\t\t\t<\/span>\n\t\t\t\t\t\t<span class=\"gb-author-origin\">\n\t\t\t\t\t\t\t<span class=\"gb-author-origin-from-text\"> aus<\/span>\n\t\t\t\t\t\t\t<span class=\"gb-author-origin-text\"> 49080 Osnabr\u00fcck<\/span>\n\t\t\t\t\t\t<\/span>\n\t\t\t\t\t\t<span class=\"gb-datetime\">\n\t\t\t\t\t\t\t<span class=\"gb-date\"><span class=\"gb-date-wrote-text\"> schrieb am<\/span><span class=\"gb-date-text\"> 10. Dezember 2023<\/span>\n\t\t\t\t\t\t\t<\/span><span class=\"gb-time\">\n\t\t\t\t\t\t\t\t\t<span class=\"gb-time-at-text\"> um<\/span>\n\t\t\t\t\t\t\t\t\t<span class=\"gb-time-text\"> 10:48<\/span>\n\t\t\t\t\t\t\t\t<\/span>\n\t\t\t\t\t\t<\/span> \n\t\t\t\t\t<\/div>\n\t\t\t\t\t<div class=\"gb-entry-content\">nach Jesaja 9, 1-6\n\nDoar wass mal \u00e4in Volk, datt ien D\u00fcstern \nunnerwechens wass.\nMan do \u2013 up \u00e4inmal s\u00e4hn s\u00e4i \u00e4in grootet L\u00f6cht. Datt kunn s\u00e4i bolde nich begriepen. -\nWatt wann s\u00e4i bliede, s\u00e4i freiden s\u00fck unn jubilierden mitnanner. Jeder gev watt h\u00e4i har.\nEndlich wass d\u00e4i d\u00fcstere Tied v\u00e4\u00f6rbie.\nUnn watt was pass\u00e4iert ?\n\u00c4in Kind was geborn \u2013 datt Christkind.\nH\u00e4i krech von boben alles tau seggen \u2013 h\u00e4i was d\u00e4i \u00dcppste.\nUpp hochd\u00fctschk segget s\u00e4i :\nWunderbarer Ratgeber, starker Gott, Friedef\u00fcrst.\nFr\u00f6ntskupp ohne Ende b\u00e4it h\u00e4i an. Wi b\u00fcnt fr\u00e4i.\nWi brukket keine Not mehr hamm,\nwi b\u00fcnt ien goude Hande.\nH\u00e4i mach mi unn di ower alles.\nDatt kanns mi gl\u00f6wen.\n\nFROHE Wiehnachten         K. Pohlabeln\n\t\t\t\t\t<\/div>\n\t\t\t\t<\/article>\n\t\t\t<\/div>\n\t\t\t<div class=\"gb-entry gb-entry_2 gb-entry-count_2 gwolle-gb-even\" id=\"gb-entry_2\" data-entry_id=\"2\">\n\t\t\t\t<article>\n\t\t\t\t\t<div class=\"gb-author-info\">\n\t\t\t\t\t\t<span class=\"gb-author-avatar\"><img referrerpolicy=\"no-referrer\" alt='Wilhelm Meyer' src='https:\/\/secure.gravatar.com\/avatar\/71128e1ed39abc7ada336ad2a7052148b3984daf93c08c3e0d4cc7b23b5af281?s=32&#038;d=mm&#038;r=g' srcset='https:\/\/secure.gravatar.com\/avatar\/71128e1ed39abc7ada336ad2a7052148b3984daf93c08c3e0d4cc7b23b5af281?s=64&#038;d=mm&#038;r=g 2x' class='avatar avatar-32 photo' height='32' width='32' \/><\/span>\n\t\t\t\t\t\t<span class=\"gb-author-name\">Wilhelm Meyer\n\t\t\t\t\t\t<\/span>\n\t\t\t\t\t\t<span class=\"gb-author-origin\">\n\t\t\t\t\t\t\t<span class=\"gb-author-origin-from-text\"> aus<\/span>\n\t\t\t\t\t\t\t<span class=\"gb-author-origin-text\"> Krefeld<\/span>\n\t\t\t\t\t\t<\/span>\n\t\t\t\t\t\t<span class=\"gb-datetime\">\n\t\t\t\t\t\t\t<span class=\"gb-date\"><span class=\"gb-date-wrote-text\"> schrieb am<\/span><span class=\"gb-date-text\"> 12. April 2023<\/span>\n\t\t\t\t\t\t\t<\/span><span class=\"gb-time\">\n\t\t\t\t\t\t\t\t\t<span class=\"gb-time-at-text\"> um<\/span>\n\t\t\t\t\t\t\t\t\t<span class=\"gb-time-text\"> 22:59<\/span>\n\t\t\t\t\t\t\t\t<\/span>\n\t\t\t\t\t\t<\/span> \n\t\t\t\t\t<\/div>\n\t\t\t\t\t<div class=\"gb-entry-content\">Ich habe probleme mit den loruper Familiennamen.\nMein Vater war &#034;Schmidt \u00c4nton sin Wilm  Mutter&#034; Boner Milla&#034;.\n\nF\u00fcr mich k\u00f6nte ich dan auch j\u00fcngeren Personen besser\nzu ordnen\nDanke!\n\t\t\t\t\t<\/div>\n\t\t\t\t<\/article>\n\t\t\t<\/div>\n\t\t\t<div class=\"gb-entry gb-entry_1 gb-entry-count_3 gwolle-gb-uneven\" id=\"gb-entry_1\" data-entry_id=\"1\">\n\t\t\t\t<article>\n\t\t\t\t\t<div class=\"gb-author-info\">\n\t\t\t\t\t\t<span class=\"gb-author-avatar\"><img referrerpolicy=\"no-referrer\" alt='Udo' src='https:\/\/secure.gravatar.com\/avatar\/a959a1bf90eac01b8748874598abd0985ff9a2eade74caadbb19ffe87f88c7f5?s=32&#038;d=mm&#038;r=g' srcset='https:\/\/secure.gravatar.com\/avatar\/a959a1bf90eac01b8748874598abd0985ff9a2eade74caadbb19ffe87f88c7f5?s=64&#038;d=mm&#038;r=g 2x' class='avatar avatar-32 photo' height='32' width='32' \/><\/span>\n\t\t\t\t\t\t<span class=\"gb-author-name\">Udo\n\t\t\t\t\t\t<\/span>\n\t\t\t\t\t\t<span class=\"gb-datetime\">\n\t\t\t\t\t\t\t<span class=\"gb-date\"><span class=\"gb-date-wrote-text\"> schrieb am<\/span><span class=\"gb-date-text\"> 1. Dezember 2022<\/span>\n\t\t\t\t\t\t\t<\/span><span class=\"gb-time\">\n\t\t\t\t\t\t\t\t\t<span class=\"gb-time-at-text\"> um<\/span>\n\t\t\t\t\t\t\t\t\t<span class=\"gb-time-text\"> 21:35<\/span>\n\t\t\t\t\t\t\t\t<\/span>\n\t\t\t\t\t\t<\/span> \n\t\t\t\t\t<\/div>\n\t\t\t\t\t<div class=\"gb-entry-content\">Moin\nIch wollte nur einmal ein paar nette Worte da lassen.\nAlles neu f\u00fcr 2023.\n\t\t\t\t\t<\/div>\n\t\t\t\t<\/article>\n\t\t\t<\/div>\n\t\t\t<\/div><\/div>\n","protected":false},"excerpt":{"rendered":"","protected":false},"author":1,"featured_media":0,"parent":0,"menu_order":0,"comment_status":"closed","ping_status":"closed","template":"","meta":{"footnotes":""},"class_list":["post-72","page","type-page","status-publish","hentry"],"_links":{"self":[{"href":"https:\/\/heimatring-lorup.de\/wordpress\/wp-json\/wp\/v2\/pages\/72","targetHints":{"allow":["GET"]}}],"collection":[{"href":"https:\/\/heimatring-lorup.de\/wordpress\/wp-json\/wp\/v2\/pages"}],"about":[{"href":"https:\/\/heimatring-lorup.de\/wordpress\/wp-json\/wp\/v2\/types\/page"}],"author":[{"embeddable":true,"href":"https:\/\/heimatring-lorup.de\/wordpress\/wp-json\/wp\/v2\/users\/1"}],"replies":[{"embeddable":true,"href":"https:\/\/heimatring-lorup.de\/wordpress\/wp-json\/wp\/v2\/comments?post=72"}],"version-history":[{"count":13,"href":"https:\/\/heimatring-lorup.de\/wordpress\/wp-json\/wp\/v2\/pages\/72\/revisions"}],"predecessor-version":[{"id":483,"href":"https:\/\/heimatring-lorup.de\/wordpress\/wp-json\/wp\/v2\/pages\/72\/revisions\/483"}],"wp:attachment":[{"href":"https:\/\/heimatring-lorup.de\/wordpress\/wp-json\/wp\/v2\/media?parent=72"}],"curies":[{"name":"wp","href":"https:\/\/api.w.org\/{rel}","templated":true}]}}